{"id":154,"date":"2017-02-16T11:29:40","date_gmt":"2017-02-16T11:29:40","guid":{"rendered":"https:\/\/xml-io.proteusthemes.com\/medicpress\/?page_id=154"},"modified":"2022-03-05T22:29:31","modified_gmt":"2022-03-06T01:29:31","slug":"prevencao-abuso-infantil","status":"publish","type":"page","link":"https:\/\/renatalutz.com.br\/index.php\/departments\/prevencao-abuso-infantil\/","title":{"rendered":"Programa Preven\u00e7\u00e3o Abuso Infantil"},"content":{"rendered":"<div id=\"pl-154\"  class=\"panel-layout\" ><div id=\"pg-154-0\"  class=\"panel-grid panel-no-style\" ><div id=\"pgc-154-0-0\"  class=\"panel-grid-cell panel-grid-cell-mobile-last\" ><div id=\"panel-154-0-0-0\" class=\"so-panel widget widget_sow-editor panel-first-child panel-last-child\" data-index=\"0\" ><div\n\t\t\t\n\t\t\tclass=\"so-widget-sow-editor so-widget-sow-editor-base\"\n\t\t\t\n\t\t>\n<div class=\"siteorigin-widget-tinymce textwidget\">\n\t<h3>Qual a idade ideal para abordar a sexualidade com crian\u00e7as?<\/h3>\n<h5>Esta \u00e9 uma pergunta muito recorrente aos pais.<\/h5>\n<p>Lidar com a sexualidade deve ser algo natural no ambiente familiar. E a educa\u00e7\u00e3o sexual \u00e9 o melhor caminho para a preven\u00e7\u00e3o de experi\u00eancias negativas na vida das crian\u00e7as e adolescentes.<\/p>\n<p>Pensando nisso foi desenvolvido um programa de Preven\u00e7\u00e3o ao abuso Sexual Infantil, onde brincando vamos ensinar as crian\u00e7as a estabelecer rela\u00e7\u00f5es seguras em qualquer ambiente. Dar a consci\u00eancia do que \u00e9 certo ou errado, \u00e9 fortalecer essa crian\u00e7a independente do ambiente ou pessoa que pode oferecer risco.<\/p>\n<p>&nbsp;<\/p>\n<h3>O programa acontece em duas fases:<\/h3>\n<p>&nbsp;<\/p>\n<p>No primeiro momento vamos trabalhar com os pais tirar as d\u00favidas esclarecer mitos, tabus e preconceitos. E s\u00f3 depois alinhar sobre o tema que ser\u00e1 trabalhado com as crian\u00e7as.<\/p>\n<p>&nbsp;<\/p>\n<p>A segunda fase \u00e9 o trabalho de conscientiza\u00e7\u00e3o com as crian\u00e7as, sempre trabalhamos em pequenos grupos de acordo com a faixa et\u00e1ria para respeitar o desenvolvimento de cada fase.<\/p>\n<\/div>\n<\/div><\/div><\/div><div id=\"pgc-154-0-1\"  class=\"panel-grid-cell panel-grid-cell-empty\" ><\/div><\/div><div id=\"pg-154-1\"  class=\"panel-grid panel-no-style\" ><div id=\"pgc-154-1-0\"  class=\"panel-grid-cell panel-grid-cell-mobile-last\" ><div id=\"panel-154-1-0-0\" class=\"so-panel widget widget_sow-editor panel-first-child panel-last-child\" data-index=\"1\" ><div\n\t\t\t\n\t\t\tclass=\"so-widget-sow-editor so-widget-sow-editor-base\"\n\t\t\t\n\t\t>\n<div class=\"siteorigin-widget-tinymce textwidget\">\n\t<h4 style=\"margin: 0cm; vertical-align: baseline;\"><span style=\"font-size: 10.0pt; font-family: 'Open sans',serif;\">Podemos iniciar com crian\u00e7as \u00e0 partir dos 4 anos de idade.<\/span><\/h4>\n<h4 style=\"margin: 0cm; vertical-align: baseline;\"><span style=\"font-size: 10.0pt; font-family: 'Open sans',serif;\">Todo o trabalho \u00e9 desenvolvido com muita m\u00fasica, brincadeiras e intera\u00e7\u00e3o com material did\u00e1tico espec\u00edfico.<\/span><\/h4>\n<h4 style=\"margin: 0cm; vertical-align: baseline;\"><span style=\"font-size: 10.0pt; font-family: 'Open sans',serif;\">\u00a0<\/span><\/h4>\n<h4 style=\"margin: 0cm; vertical-align: baseline;\"><span style=\"font-size: 10.0pt; font-family: 'Open sans',serif;\">Este programa pode ser desenvolvido em escolas, condom\u00ednios ou grupos de conviv\u00eancia.<\/span><\/h4>\n<h4 style=\"margin: 0cm; vertical-align: baseline;\"><span style=\"font-size: 10.0pt; font-family: 'Open sans',serif;\">\u00a0<\/span><\/h4>\n<h4 style=\"margin: 0cm; vertical-align: baseline;\"><span style=\"font-size: 10.0pt; font-family: 'Open sans',serif;\">Para mais informa\u00e7\u00f5es, entre em contato renata@relutz.com.br<\/span><\/h4>\n<h4 style=\"margin: 0cm; vertical-align: baseline;\"><span style=\"font-size: 10.0pt; font-family: 'Open sans',serif;\">\u00a0<\/span><\/h4>\n<\/div>\n<\/div><\/div><\/div><div id=\"pgc-154-1-1\"  class=\"panel-grid-cell panel-grid-cell-empty\" ><\/div><\/div><div id=\"pg-154-2\"  class=\"panel-grid panel-has-style\" ><div class=\"panel-row-style panel-row-style-for-154-2\" ><div id=\"pgc-154-2-0\"  class=\"panel-grid-cell panel-grid-cell-empty\" ><\/div><\/div><\/div><div id=\"pg-154-3\"  class=\"panel-grid panel-no-style\" ><div id=\"pgc-154-3-0\"  class=\"panel-grid-cell\" ><div id=\"panel-154-3-0-0\" class=\"so-panel widget widget_sow-editor panel-first-child\" data-index=\"2\" ><div\n\t\t\t\n\t\t\tclass=\"so-widget-sow-editor so-widget-sow-editor-base\"\n\t\t\t\n\t\t>\n<div class=\"siteorigin-widget-tinymce textwidget\">\n\t<h3>Perguntas Frequentes:<\/h3>\n<\/div>\n<\/div><\/div><div id=\"panel-154-3-0-1\" class=\"so-panel widget widget_pw_accordion widget-accordion panel-last-child\" data-index=\"3\" >\t<div class=\"accordion panel-group\" id=\"accordion-widget-3-0-1\" role=\"tablist\" aria-multiselectable=\"true\">\n\t\t\t<div class=\"accordion__panel  panel  panel-default  card\">\n\t\t\t<div class=\"accordion__heading  panel-heading\" role=\"tab\" id=\"heading-widget-3-0-1-1\">\n\t\t\t\t<div class=\"panel-title\">\n\t\t\t\t\t<a class=\"collapsed\" role=\"button\" data-toggle=\"collapse\" data-parent=\"#accordion-widget-3-0-1\" href=\"#collapse-widget-3-0-1-1\" aria-expanded=\"false\" aria-controls=\"collapse-widget-3-0-1-1\">\n\t\t\t\t\t\tQual a idade correta para falar de sexo com as crian\u00e7as?\t\t\t\t\t<\/a>\n\t\t\t\t<\/div>\n\t\t\t<\/div>\n\t\t\t<div id=\"collapse-widget-3-0-1-1\" class=\"accordion__content  panel-collapse  collapse\" role=\"tabpanel\" aria-labelledby=\"heading-widget-3-0-1-1\">\n\t\t\t\t<div class=\"panel-body\">\n\t\t\t\t\tN\u00e3o podemos definir uma \"idade ideal\" porque cada crian\u00e7a tem o seu tempo de desenvolvimento e isso deve ser respeitado.\nO mais importante \u00e9 que voc\u00ea converse com a crian\u00e7a sobre afetividade e se caso venham perguntas sobre sexo, n\u00e3o minta! responda somente o que a crian\u00e7a perguntou de uma forma muito simples, mas tente entender de onde surgiu a d\u00favida, porque a crian\u00e7a est\u00e1 fazendo a devida pergunta.\t\t\t\t<\/div>\n\t\t\t<\/div>\n\t\t<\/div>\n\t\t\t<div class=\"accordion__panel  panel  panel-default  card\">\n\t\t\t<div class=\"accordion__heading  panel-heading\" role=\"tab\" id=\"heading-widget-3-0-1-2\">\n\t\t\t\t<div class=\"panel-title\">\n\t\t\t\t\t<a class=\"collapsed\" role=\"button\" data-toggle=\"collapse\" data-parent=\"#accordion-widget-3-0-1\" href=\"#collapse-widget-3-0-1-2\" aria-expanded=\"false\" aria-controls=\"collapse-widget-3-0-1-2\">\n\t\t\t\t\t\t\u00c9 poss\u00edvel perceber quando a crian\u00e7a \u00e9 abusada?\t\t\t\t\t<\/a>\n\t\t\t\t<\/div>\n\t\t\t<\/div>\n\t\t\t<div id=\"collapse-widget-3-0-1-2\" class=\"accordion__content  panel-collapse  collapse\" role=\"tabpanel\" aria-labelledby=\"heading-widget-3-0-1-2\">\n\t\t\t\t<div class=\"panel-body\">\n\t\t\t\t\tQuando uma crian\u00e7a sofre algum tipo de  abuso, \u00e9 natural que ela apresente alguma mudan\u00e7a no comportamento, essa mudan\u00e7a pode ser sutil, por isso a import\u00e2ncia de prestar muita aten\u00e7\u00e3o e estar sempre presente.\nMesmo que a crian\u00e7a n\u00e3o consiga verbalizar o que aconteceu, ela vai demonstrar em atitudes, desenhos, brincadeiras... os sinais normalmente aparecem.\t\t\t\t<\/div>\n\t\t\t<\/div>\n\t\t<\/div>\n\t\t\t<div class=\"accordion__panel  panel  panel-default  card\">\n\t\t\t<div class=\"accordion__heading  panel-heading\" role=\"tab\" id=\"heading-widget-3-0-1-3\">\n\t\t\t\t<div class=\"panel-title\">\n\t\t\t\t\t<a class=\"collapsed\" role=\"button\" data-toggle=\"collapse\" data-parent=\"#accordion-widget-3-0-1\" href=\"#collapse-widget-3-0-1-3\" aria-expanded=\"false\" aria-controls=\"collapse-widget-3-0-1-3\">\n\t\t\t\t\t\tUma pessoa que foi abusada na inf\u00e2ncia pode ter problemas na vida adulta?\t\t\t\t\t<\/a>\n\t\t\t\t<\/div>\n\t\t\t<\/div>\n\t\t\t<div id=\"collapse-widget-3-0-1-3\" class=\"accordion__content  panel-collapse  collapse\" role=\"tabpanel\" aria-labelledby=\"heading-widget-3-0-1-3\">\n\t\t\t\t<div class=\"panel-body\">\n\t\t\t\t\tSim, \u00e9 muito comum receber adultos para consultas com problemas em se relacionar sexualmente.\nSe o desenvolvimento sexual n\u00e3o foi respeitado e de alguma forma gerou traumas, muito provavelmente esta pessoa na vida adulta vai ter uma vis\u00e3o distorcida sobre sexo, prazer e intimidade.\nMas a terapia pode ajudar muito nesses casos.\t\t\t\t<\/div>\n\t\t\t<\/div>\n\t\t<\/div>\n\t\t\t<\/div>\n\n<\/div><\/div><\/div><\/div>","protected":false},"excerpt":{"rendered":"<p>Qual a idade ideal para abordar a sexualidade com crian\u00e7as? Esta \u00e9 uma pergunta muito recorrente aos pais. Lidar com a sexualidade deve ser algo natural no ambiente familiar. E a educa\u00e7\u00e3o sexual \u00e9 o melhor caminho para a preven\u00e7\u00e3o de experi\u00eancias negativas na vida das crian\u00e7as e adolescentes. Pensando nisso foi desenvolvido um programa &hellip;<\/p>\n","protected":false},"author":1,"featured_media":1168,"parent":116,"menu_order":0,"comment_status":"closed","ping_status":"closed","template":"","meta":{"_acf_changed":false,"_joinchat":[],"footnotes":""},"class_list":{"0":"post-154","1":"page","2":"type-page","3":"status-publish","4":"has-post-thumbnail","6":"clearfix","7":"article"},"acf":[],"_links":{"self":[{"href":"https:\/\/renatalutz.com.br\/index.php\/wp-json\/wp\/v2\/pages\/154","targetHints":{"allow":["GET"]}}],"collection":[{"href":"https:\/\/renatalutz.com.br\/index.php\/wp-json\/wp\/v2\/pages"}],"about":[{"href":"https:\/\/renatalutz.com.br\/index.php\/wp-json\/wp\/v2\/types\/page"}],"author":[{"embeddable":true,"href":"https:\/\/renatalutz.com.br\/index.php\/wp-json\/wp\/v2\/users\/1"}],"replies":[{"embeddable":true,"href":"https:\/\/renatalutz.com.br\/index.php\/wp-json\/wp\/v2\/comments?post=154"}],"version-history":[{"count":14,"href":"https:\/\/renatalutz.com.br\/index.php\/wp-json\/wp\/v2\/pages\/154\/revisions"}],"predecessor-version":[{"id":1289,"href":"https:\/\/renatalutz.com.br\/index.php\/wp-json\/wp\/v2\/pages\/154\/revisions\/1289"}],"up":[{"embeddable":true,"href":"https:\/\/renatalutz.com.br\/index.php\/wp-json\/wp\/v2\/pages\/116"}],"wp:featuredmedia":[{"embeddable":true,"href":"https:\/\/renatalutz.com.br\/index.php\/wp-json\/wp\/v2\/media\/1168"}],"wp:attachment":[{"href":"https:\/\/renatalutz.com.br\/index.php\/wp-json\/wp\/v2\/media?parent=154"}],"curies":[{"name":"wp","href":"https:\/\/api.w.org\/{rel}","templated":true}]}}