{"id":116,"date":"2017-02-16T11:05:27","date_gmt":"2017-02-16T11:05:27","guid":{"rendered":"https:\/\/xml-io.proteusthemes.com\/medicpress\/?page_id=116"},"modified":"2025-05-07T20:29:43","modified_gmt":"2025-05-07T23:29:43","slug":"departments","status":"publish","type":"page","link":"https:\/\/renatalutz.com.br\/index.php\/departments\/","title":{"rendered":"Especialidades"},"content":{"rendered":"<div id=\"pl-116\"  class=\"panel-layout\" ><div id=\"pg-116-0\"  class=\"panel-grid panel-no-style\" ><div id=\"pgc-116-0-0\"  class=\"panel-grid-cell\" ><div id=\"panel-116-0-0-0\" class=\"so-panel widget widget_pw_featured_page widget-featured-page panel-first-child panel-last-child\" data-index=\"0\" >\n\t<div class=\"page-box  page-box--block\">\n\t\t\t\t\t\t<a class=\"page-box__picture\" href=\"https:\/\/renatalutz.com.br\/index.php\/departments\/terapiadecasal\/\">\n\t\t\t\t\t<img loading=\"lazy\" decoding=\"async\" src=\"https:\/\/renatalutz.com.br\/wp-content\/uploads\/2021\/11\/Design-sem-nome-350x175.png\" width=\"350\" height=\"175\" srcset=\"https:\/\/renatalutz.com.br\/wp-content\/uploads\/2021\/11\/Design-sem-nome-350x175.png 350w, https:\/\/renatalutz.com.br\/wp-content\/uploads\/2021\/11\/Design-sem-nome.png 1080w\" sizes=\"auto, (min-width: 1200px) 350px, (min-width: 992px) 290px, (min-width: 768px) 690px, (min-width: 576px) 510px, calc(100vw - 30px)\" class=\"wp-post-image\" alt=\"Terapia de Casal\">\n\t\t\t\t\t\t\t\t\t<\/a>\n\t\t\t\t\t\t\t\t<div class=\"page-box__content\">\n\t\t\t<h2 class=\"page-box__title\"><a href=\"https:\/\/renatalutz.com.br\/index.php\/departments\/terapiadecasal\/\">Terapia de Casal<\/a><\/h2>\n\t\t\t<p class=\"page-box__text\">Para que um relacionamento se fortale\u00e7a e funcione de forma saud\u00e1vel \u00e9 necess\u00e1rio equalizar o casal, trabalhar o autoconhecimento a comunica\u00e7\u00e3o &hellip;<\/p>\n\t\t\t\t\t<\/div>\n\t<\/div>\n\n<\/div><\/div><div id=\"pgc-116-0-1\"  class=\"panel-grid-cell\" ><div id=\"panel-116-0-1-0\" class=\"so-panel widget widget_pw_featured_page widget-featured-page panel-first-child panel-last-child\" data-index=\"1\" >\n\t<div class=\"page-box  page-box--block\">\n\t\t\t\t\t\t<a class=\"page-box__picture\" href=\"https:\/\/renatalutz.com.br\/index.php\/departments\/terapia-sexual\/\">\n\t\t\t\t\t<img loading=\"lazy\" decoding=\"async\" src=\"https:\/\/renatalutz.com.br\/wp-content\/uploads\/2021\/11\/TerapiaSexualSite-350x175.png\" width=\"350\" height=\"175\" srcset=\"https:\/\/renatalutz.com.br\/wp-content\/uploads\/2021\/11\/TerapiaSexualSite-350x175.png 350w, https:\/\/renatalutz.com.br\/wp-content\/uploads\/2021\/11\/TerapiaSexualSite.png 1080w\" sizes=\"auto, (min-width: 1200px) 350px, (min-width: 992px) 290px, (min-width: 768px) 690px, (min-width: 576px) 510px, calc(100vw - 30px)\" class=\"wp-post-image\" alt=\"Terapia Sexual\">\n\t\t\t\t\t\t\t\t\t<\/a>\n\t\t\t\t\t\t\t\t<div class=\"page-box__content\">\n\t\t\t<h2 class=\"page-box__title\"><a href=\"https:\/\/renatalutz.com.br\/index.php\/departments\/terapia-sexual\/\">Terapia Sexual<\/a><\/h2>\n\t\t\t<p class=\"page-box__text\">Terapia Sexual\nMuita gente acredita que a terapia sexual s\u00f3 aborda sexo, e segundo a defini\u00e7\u00e3o de sexualidade da OMS \u2013 Organiza\u00e7\u00e3o Mundial &hellip;<\/p>\n\t\t\t\t\t<\/div>\n\t<\/div>\n\n<\/div><\/div><\/div><div id=\"pg-116-1\"  class=\"panel-grid panel-no-style\" ><div id=\"pgc-116-1-0\"  class=\"panel-grid-cell panel-grid-cell-empty panel-grid-cell-mobile-last\" ><\/div><div id=\"pgc-116-1-1\"  class=\"panel-grid-cell panel-grid-cell-empty\" ><\/div><\/div><div id=\"pg-116-2\"  class=\"panel-grid panel-no-style\" ><div id=\"pgc-116-2-0\"  class=\"panel-grid-cell\" ><div id=\"panel-116-2-0-0\" class=\"so-panel widget widget_pw_featured_page widget-featured-page panel-first-child panel-last-child\" data-index=\"2\" >\n\t<div class=\"page-box  page-box--block\">\n\t\t\t\t\t\t<a class=\"page-box__picture\" href=\"https:\/\/renatalutz.com.br\/index.php\/departments\/relacionamentosabusivos\/\">\n\t\t\t\t\t<img loading=\"lazy\" decoding=\"async\" src=\"https:\/\/renatalutz.com.br\/wp-content\/uploads\/2025\/05\/Design-sem-nome-7-350x175.png\" width=\"350\" height=\"175\" srcset=\"https:\/\/renatalutz.com.br\/wp-content\/uploads\/2025\/05\/Design-sem-nome-7-350x175.png 350w, https:\/\/renatalutz.com.br\/wp-content\/uploads\/2025\/05\/Design-sem-nome-7.png 1080w\" sizes=\"auto, (min-width: 1200px) 350px, (min-width: 992px) 290px, (min-width: 768px) 690px, (min-width: 576px) 510px, calc(100vw - 30px)\" class=\"wp-post-image\" alt=\"Relacionamentos Abusivos\">\n\t\t\t\t\t\t\t\t\t<\/a>\n\t\t\t\t\t\t\t\t<div class=\"page-box__content\">\n\t\t\t<h2 class=\"page-box__title\"><a href=\"https:\/\/renatalutz.com.br\/index.php\/departments\/relacionamentosabusivos\/\">Relacionamentos Abusivos<\/a><\/h2>\n\t\t\t<p class=\"page-box__text\">Relacionamentos abusivos nem sempre come\u00e7am com viol\u00eancia \u2014 muitas vezes, o controle, a manipula\u00e7\u00e3o e o medo se instalam de forma sutil. &hellip;<\/p>\n\t\t\t\t\t<\/div>\n\t<\/div>\n\n<\/div><\/div><div id=\"pgc-116-2-1\"  class=\"panel-grid-cell\" ><div id=\"panel-116-2-1-0\" class=\"so-panel widget widget_pw_featured_page widget-featured-page panel-first-child panel-last-child\" data-index=\"3\" >\n\t<div class=\"page-box  page-box--block\">\n\t\t\t\t\t\t<a class=\"page-box__picture\" href=\"https:\/\/renatalutz.com.br\/index.php\/departments\/prevencao-abuso-infantil\/\">\n\t\t\t\t\t<img loading=\"lazy\" decoding=\"async\" src=\"https:\/\/renatalutz.com.br\/wp-content\/uploads\/2021\/11\/Prevencao-Abuso-Site-350x175.png\" width=\"350\" height=\"175\" srcset=\"https:\/\/renatalutz.com.br\/wp-content\/uploads\/2021\/11\/Prevencao-Abuso-Site-350x175.png 350w, https:\/\/renatalutz.com.br\/wp-content\/uploads\/2021\/11\/Prevencao-Abuso-Site.png 1080w\" sizes=\"auto, (min-width: 1200px) 350px, (min-width: 992px) 290px, (min-width: 768px) 690px, (min-width: 576px) 510px, calc(100vw - 30px)\" class=\"wp-post-image\" alt=\"Programa Preven\u00e7\u00e3o Abuso Infantil\">\n\t\t\t\t\t\t\t\t\t<\/a>\n\t\t\t\t\t\t\t\t<div class=\"page-box__content\">\n\t\t\t<h2 class=\"page-box__title\"><a href=\"https:\/\/renatalutz.com.br\/index.php\/departments\/prevencao-abuso-infantil\/\">Programa Preven\u00e7\u00e3o Abuso Infantil<\/a><\/h2>\n\t\t\t<p class=\"page-box__text\">Qual a idade ideal para abordar a sexualidade com crian\u00e7as?\nEsta \u00e9 uma pergunta muito recorrente aos pais.\nLidar com a sexualidade deve ser &hellip;<\/p>\n\t\t\t\t\t<\/div>\n\t<\/div>\n\n<\/div><\/div><\/div><\/div>","protected":false},"excerpt":{"rendered":"<p>Terapia de Casal Para que um relacionamento se fortale\u00e7a e funcione de forma saud\u00e1vel \u00e9 necess\u00e1rio equalizar o casal, trabalhar o autoconhecimento a comunica\u00e7\u00e3o &hellip; Terapia Sexual Terapia Sexual Muita gente acredita que a terapia sexual s\u00f3 aborda sexo, e segundo a defini\u00e7\u00e3o de sexualidade da OMS \u2013 Organiza\u00e7\u00e3o Mundial &hellip; Relacionamentos Abusivos Relacionamentos abusivos &hellip;<\/p>\n","protected":false},"author":1,"featured_media":0,"parent":0,"menu_order":0,"comment_status":"closed","ping_status":"closed","template":"","meta":{"_acf_changed":false,"_joinchat":[],"footnotes":""},"class_list":{"0":"post-116","1":"page","2":"type-page","3":"status-publish","5":"clearfix","6":"article"},"acf":[],"_links":{"self":[{"href":"https:\/\/renatalutz.com.br\/index.php\/wp-json\/wp\/v2\/pages\/116","targetHints":{"allow":["GET"]}}],"collection":[{"href":"https:\/\/renatalutz.com.br\/index.php\/wp-json\/wp\/v2\/pages"}],"about":[{"href":"https:\/\/renatalutz.com.br\/index.php\/wp-json\/wp\/v2\/types\/page"}],"author":[{"embeddable":true,"href":"https:\/\/renatalutz.com.br\/index.php\/wp-json\/wp\/v2\/users\/1"}],"replies":[{"embeddable":true,"href":"https:\/\/renatalutz.com.br\/index.php\/wp-json\/wp\/v2\/comments?post=116"}],"version-history":[{"count":13,"href":"https:\/\/renatalutz.com.br\/index.php\/wp-json\/wp\/v2\/pages\/116\/revisions"}],"predecessor-version":[{"id":1156,"href":"https:\/\/renatalutz.com.br\/index.php\/wp-json\/wp\/v2\/pages\/116\/revisions\/1156"}],"wp:attachment":[{"href":"https:\/\/renatalutz.com.br\/index.php\/wp-json\/wp\/v2\/media?parent=116"}],"curies":[{"name":"wp","href":"https:\/\/api.w.org\/{rel}","templated":true}]}}